{"id":8,"date":"2014-01-16T20:45:43","date_gmt":"2014-01-16T18:45:43","guid":{"rendered":"http:\/\/mobile-hundeschule-oberpfalz.de\/huschu\/?page_id=8"},"modified":"2014-07-02T15:32:52","modified_gmt":"2014-07-02T13:32:52","slug":"probleme","status":"publish","type":"page","link":"https:\/\/mobile-hundeschule-oberpfalz.de\/?page_id=8","title":{"rendered":"Probleme"},"content":{"rendered":"<div style=\"float: left;\"><img loading=\"lazy\" decoding=\"async\" class=\"alignnone size-full wp-image-123\" alt=\"Dogge\" src=\"http:\/\/mobile-hundeschule-oberpfalz.de\/wp-content\/uploads\/Dogge1.gif\" width=\"346\" height=\"346\" \/><\/div>\n<div><\/div>\n<div>Ihr Hund&#8230;<\/p>\n<p style=\"padding-left: 60px;\">&#8230;zieht st\u00e4ndig an der Leine<br \/>\n&#8230;terrorisiert die Nachbarschaft<br \/>\n&#8230;zerst\u00f6rt die Wohnungseinrichtung<br \/>\n&#8230;reagiert aggressiv auf Menschen\/Hunde<br \/>\n&#8230;kommt auf Zuruf unzuverl\u00e4ssig<br \/>\n&#8230;kann nicht alleine bleiben<br \/>\n&#8230;ist in vielen Situationen \u00e4ngstlich<br \/>\n&#8230;knurrt Sie an<\/p>\n<p>Haben Sie diese oder andere Probleme?<br \/>\nSie wollen das \u00e4ndern?<br \/>\nDann sind Sie bei uns genau richtig!<br \/>\nWir stehen Ihnen 7 Tage in der Woche zur Verf\u00fcgung.<\/p>\n<p>Anfragen und weitere Infos unter Tel. 09653\/929509<\/p>\n<\/div>\n","protected":false},"excerpt":{"rendered":"<p>Ihr Hund&#8230; &#8230;zieht st\u00e4ndig an der Leine &#8230;terrorisiert die Nachbarschaft &#8230;zerst\u00f6rt die Wohnungseinrichtung &#8230;reagiert aggressiv auf Menschen\/Hunde &#8230;kommt auf Zuruf unzuverl\u00e4ssig &#8230;kann nicht alleine bleiben &#8230;ist in vielen Situationen \u00e4ngstlich &#8230;knurrt Sie an Haben Sie diese oder andere Probleme? Sie wollen das \u00e4ndern? Dann sind Sie bei uns genau richtig! Wir stehen Ihnen 7 Tage [&hellip;]<\/p>\n","protected":false},"author":1,"featured_media":0,"parent":0,"menu_order":0,"comment_status":"closed","ping_status":"closed","template":"1spaltig.php","meta":{"footnotes":""},"class_list":["post-8","page","type-page","status-publish","hentry"],"_links":{"self":[{"href":"https:\/\/mobile-hundeschule-oberpfalz.de\/index.php?rest_route=\/wp\/v2\/pages\/8","targetHints":{"allow":["GET"]}}],"collection":[{"href":"https:\/\/mobile-hundeschule-oberpfalz.de\/index.php?rest_route=\/wp\/v2\/pages"}],"about":[{"href":"https:\/\/mobile-hundeschule-oberpfalz.de\/index.php?rest_route=\/wp\/v2\/types\/page"}],"author":[{"embeddable":true,"href":"https:\/\/mobile-hundeschule-oberpfalz.de\/index.php?rest_route=\/wp\/v2\/users\/1"}],"replies":[{"embeddable":true,"href":"https:\/\/mobile-hundeschule-oberpfalz.de\/index.php?rest_route=%2Fwp%2Fv2%2Fcomments&post=8"}],"version-history":[{"count":7,"href":"https:\/\/mobile-hundeschule-oberpfalz.de\/index.php?rest_route=\/wp\/v2\/pages\/8\/revisions"}],"predecessor-version":[{"id":167,"href":"https:\/\/mobile-hundeschule-oberpfalz.de\/index.php?rest_route=\/wp\/v2\/pages\/8\/revisions\/167"}],"wp:attachment":[{"href":"https:\/\/mobile-hundeschule-oberpfalz.de\/index.php?rest_route=%2Fwp%2Fv2%2Fmedia&parent=8"}],"curies":[{"name":"wp","href":"https:\/\/api.w.org\/{rel}","templated":true}]}}